it of 858?
5
What is the units digit of 487?
7
What is the hundreds digit of 11504?
5
What is the units digit of 29680?
0
What is the units digit of 4628?
8
What is the ten thousands digit of 21127?
2
What is the hundreds digit of 21573?
5
What is the hundreds digit of 73950?
9
What is the hundreds digit of 25692?
6
What is the units digit of 11732?
2
What is the ten thousands digit of 41683?
4
What is the hundreds digit of 578?
5
What is the thousands digit of 13568?
3
What is the tens digit of 562?
6
What is the hundreds digit of 4444?
4
What is the units digit of 2083?
3
What is the units digit of 243?
3
What is the thousands digit of 3014?
3
What is the units digit of 1421?
1
What is the tens digit of 1485?
8
What is the hundreds digit of 1344?
3
What is the thousands digit of 16769?
6
What is the units digit of 12540?
0
What is the hundreds digit of 1139?
1
What is the thousands digit of 38559?
8
What is the tens digit of 12679?
7
What is the hundreds digit of 38719?
7
What is the thousands digit of 2941?
2
What is the tens digit of 44999?
9
What is the thousands digit of 2046?
2
What is the units digit of 2754?
4
What is the tens digit of 16088?
8
What is the units digit of 3054?
4
What is the thousands digit of 41063?
1
What is the tens digit of 1630?
3
What is the thousands digit of 2890?
2
What is the thousands digit of 5803?
5
What is the units digit of 4966?
6
What is the hundred thousands digit of 152568?
1
What is the thousands digit of 1099?
1
What is the hundreds digit of 6373?
3
What is the units digit of 54?
4
What is the tens digit of 461?
6
What is the units digit of 232?
2
What is the hundreds digit of 5483?
4
What is the hundreds digit of 26408?
4
What is the hundreds digit of 1226?
2
What is the units digit of 2809?
9
What is the tens digit of 43622?
2
What is the ten thousands digit of 36696?
3
What is the hundreds digit of 5796?
7
What is the units digit of 75561?
1
What is the tens digit of 1315?
1
What is the units digit of 245?
5
What is the units digit of 124564?
4
What is the hundreds digit of 8640?
6
What is the thousands digit of 7874?
7
What is the units digit of 44798?
8
What is the tens digit of 9480?
8
What is the tens digit of 27348?
4
What is the tens digit of 9261?
6
What is the units digit of 169431?
1
What is the units digit of 526?
6
What is the units digit of 4183?
3
What is the thousands digit of 4009?
4
What is the hundreds digit of 19583?
5
What is the ten thousands digit of 33422?
3
What is the tens digit of 69287?
8
What is the thousands digit of 25577?
5
What is the ten thousands digit of 12160?
1
What is the ten thousands digit of 43261?
4
What is the tens digit of 1242?
4
What is the hundreds digit of 12549?
5
What is the ten thousands digit of 29218?
2
What is the hundreds digit of 48185?
1
What is the hundreds digit of 17977?
9
What is the hundred thousands digit of 137319?
1
What is the thousands digit of 14256?
4
What is the hundreds digit of 30914?
9
What is the tens digit of 570?
7
What is the thousands digit of 1369?
1
What is the tens digit of 549?
4
What is the hundreds digit of 39321?
3
What is the tens digit of 9210?
1
What is the hundreds digit of 3704?
7
What is the hundreds digit of 58803?
8
What is the units digit of 2448?
8
What is the hundreds digit of 33835?
8
What is the thousands digit of 13236?
3
What is the hundreds digit of 14631?
6
What is the tens digit of 477?
7
What is the units digit of 728?
8
What is the tens digit of 13131?
3
What is the units digit of 451?
1
What is the units digit of 1912?
2
What is the units digit of 18732?
2
What is the tens digit of 54005?
0
What is the thousands digit of 50261?
0
What is the tens digit of 37857?
5
What is the ten thousands digit of 16938?
1
What is the hundreds digit of 7776?
7
What is the thousands digit of 1147?
1
What is the tens digit of 313?
1
What is the units digit of 1888?
8
What is the tens digit of 283?
8
What is the thousands digit of 1887?
1
What is the thousands digit of 3025?
3
What is the thousands digit of 3008?
3
What is the hundreds digit of 213?
2
What is the tens digit of 1862?
6
What is the thousands digit of 3195?
3
What is the units digit of 5606?
6
What is the hundreds digit of 2891?
8
What is the tens digit of 37675?
7
What is the thousands digit of 2008?
2
What is the thousands digit of 15753?
5
What is the tens digit of 37?
3
What is the units digit of 24725?
5
What is the units digit of 11841?
1
What is the hundreds digit of 936?
9
What is the hundreds digit of 4080?
0
What is the hundreds digit of 1357?
3
What is the tens digit of 5648?
4
What is the tens digit of 141008?
0
What is the hundreds digit of 1136?
1
What is the hundreds digit of 2613?
6
What is the ten thousands digit of 138157?
3
What is the units digit of 1393?
3
What is the units digit of 1149?
9
What is the hundreds digit of 644?
6
What is the units digit of 557?
7
What is the units digit of 7227?
7
What is the units digit of 1465?
5
What is the hundreds digit of 5539?
5
What is the thousands digit of 2429?
2
What is the tens digit of 17731?
3
What is the units digit of 349?
9
What is the ten thousands digit of 82336?
8
What is the tens digit of 7677?
7
What is the thousands digit of 1156?
1
What is the hundreds digit of 512?
5
What is the tens digit of 2916?
1
What is the units digit of 119002?
2
What is the units digit of 50001?
1
What is the thousands digit of 1002?
1
What is the hundreds digit of 2484?
4
What is the tens digit of 68858?
5
What is the hundred thousands digit of 176146?
1
What is the units digit of 2926?
6
What is the units digit of 4664?
4
What is the units digit of 38774?
4
What is the hundreds digit of 9206?
2
What is the thousands digit of 15754?
5
What is the units digit of 1237?
7
What is the tens digit of 1395?
9
What is the units digit of 3734?
4
What is the ten thousands digit of 33638?
3
What is the hundreds digit of 2794?
7
What is the thousands digit of 3590?
3
What is the units digit of 575?
5
What is the hundreds digit of 2740?
7
What is the tens digit of 66827?
2
What is the tens digit of 15682?
8
What is the thousands digit of 1414?
1
What is the tens digit of 11048?
4
What is the units digit of 59040?
0
What is the ten thousands digit of 56306?
5
What is the hundreds digit of 2977?
9
What is the units digit of 15105?
5
What is the ten thousands digit of 36505?
3
What is the hundred thousands digit of 140258?
1
What is the ten thousands digit of 54610?
5
What is the units digit of 204?
4
What is the hundreds digit of 10371?
3
What is the hundreds digit of 5283?
2
What is the tens digit of 336?
3
What is the thousands digit of 3198?
3
What is the units digit of 34235?
5
What is the hundreds digit of 107?
1
What is the tens digit of 8036?
3
What is the tens digit of 5026?
2
What is the units digit of 160?
0
What is the hundreds digit of 2739?
7
What is the tens digit of 140648?
4
What is the units digit of 16?
6
What is the units digit of 64315?
5
What is the units digit of 5043?
3
What is the thousands digit of 41041?
1
What is the units digit of 524?
4
What is the hundreds digit of 866?
8
What is the units digit of 49399?
9
What is the tens digit of 1377?
7
What is the units digit of 4347?
7
What is the units digit of 48264?
4
What is the hundreds digit of 18645?
6
What is the tens digit of 9204?
0
What is the thousands digit of 23334?
3
What is the tens digit of 7638?
3
What is the hundreds digit of 21537?
5
What is the hundreds digit of 6856?
8
What is the hundreds digit of 5308?
3
What is the thousands digit of 9903?
9
What is the ten thousands digit of 27747?
2
What is the tens digit of 476?
7
What is the ten thousands digit of 119975?
1
What is the units digit of 64?
4
What is the ten thousands digit of 40441?
4
What is the units digit of 3884?
4
What is the hundreds digit of 649?
6
What is the tens digit of 1260?
6
What is the thousands digit of 1805?
1
What is the ten thousands digit of 52295?
5
What is the hundreds digit of 17140?
1
What is the tens digit of 68299?
9
What is the hundreds digit of 36487?
4
What is the units digit of 892?
2
What is the tens digit of 51208?
0
What is the tens digit of 667?
6
What is the units digit of 13539?
9
What is the thousands digit of 57387?
7
What